7 a prime number?
True
Is 11788079 a prime number?
True
Is 11427707 a composite number?
True
Is 1492691 prime?
False
Is 4918685 prime?
False
Is 32362873 a prime number?
True
Is 9181937 a composite number?
False
Is 245342337 a prime number?
False
Is 332693813 a composite number?
False
Is 27649163 composite?
False
Is 544216229 a composite number?
True
Is 836849 prime?
False
Is 21459331 composite?
False
Is 5769359 a prime number?
True
Is 3059611 composite?
False
Is 12393313 composite?
False
Is 2311117 prime?
True
Is 894689 composite?
False
Is 2562827 prime?
True
Is 716087 a prime number?
True
Is 2297963 composite?
True
Is 632861 a prime number?
False
Is 1372559 composite?
False
Is 84974573 composite?
True
Is 4478261 prime?
False
Is 2841961 a composite number?
False
Is 12307973 composite?
True
Is 217334209 prime?
True
Is 6736922 composite?
True
Is 52961459 a prime number?
True
Is 6100613 a prime number?
True
Is 4817227 composite?
True
Is 9488503 composite?
False
Is 305701411 composite?
True
Is 2908531 a composite number?
False
Is 2478323 composite?
False
Is 3788519 a composite number?
True
Is 188552167 composite?
False
Is 90755917 a composite number?
True
Is 3140693 a prime number?
True
Is 7767269 a composite number?
True
Is 17785322 prime?
False
Is 348253 a prime number?
True
Is 3123827 a prime number?
False
Is 5340641 composite?
False
Is 63497999 composite?
False
Is 31980077 a composite number?
True
Is 17326097 a composite number?
False
Is 311351 composite?
True
Is 306250069 composite?
False
Is 51737087 a composite number?
False
Is 44159147 a composite number?
False
Is 353110889 prime?
False
Is 1063669 composite?
True
Is 13600583 prime?
True
Is 209896429 a composite number?
False
Is 12614573 a composite number?
False
Is 7362787 prime?
False
Is 53530949 a prime number?
True
Is 4652503 prime?
False
Is 135314623 composite?
False
Is 27656921 a composite number?
False
Is 2275140377 a prime number?
True
Is 11323133 prime?
True
Is 1154857 composite?
True
Is 29562739 composite?
False
Is 4032167 a composite number?
False
Is 78954809 composite?
False
Is 676344397 prime?
True
Is 313583 composite?
False
Is 135758479 a composite number?
False
Is 90500341 prime?
True
Is 118955765 a prime number?
False
Is 89443 prime?
True
Is 3592079 prime?
False
Is 46012019 a prime number?
True
Is 447743 a composite number?
False
Is 74507 a composite number?
False
Is 227481173 composite?
False
Is 11867299 prime?
True
Is 640479119 composite?
True
Is 29258293 a prime number?
True
Is 3183847 a composite number?
True
Is 2310783 a composite number?
True
Is 21671537 a composite number?
True
Is 3582077 a prime number?
True
Is 4164737 composite?
False
Is 5303789 a composite number?
False
Is 126807883 composite?
False
Is 93360517 prime?
False
Is 630107 composite?
False
Is 3896107 prime?
False
Is 16450567 prime?
False
Is 205149597 composite?
True
Is 4119298 prime?
False
Is 11641741 prime?
False
Is 19177022 prime?
False
Is 4625078 composite?
True
Is 3540677 prime?
False
Is 8268487 prime?
False
Is 72366659 a composite number?
False
Is 19706251 prime?
True
Is 896329 prime?
False
Is 85263751 a composite number?
True
Is 653665627 a prime number?
True
Is 2972718449 composite?
False
Is 12354763 a prime number?
True
Is 17740573 a composite number?
True
Is 421247 a prime number?
False
Is 6678401 a prime number?
True
Is 5341015 a prime number?
False
Is 178223 composite?
False
Is 12006661 prime?
True
Is 569455 prime?
False
Is 146704421 a prime number?
True
Is 6711011 a prime number?
True
Is 30970387 a prime number?
False
Is 5546501 composite?
True
Is 4360123 a composite number?
False
Is 4257947 composite?
True
Is 18213449 prime?
True
Is 139077959 a prime number?
True
Is 1535449 a composite number?
True
Is 13381549 prime?
True
Is 161532391 a prime number?
False
Is 77845969 a prime number?
True
Is 13265069 prime?
False
Is 10286989 a composite number?
True
Is 9834073 composite?
False
Is 8387219 a composite number?
False
Is 183441451 composite?
False
Is 1058741951 a prime number?
True
Is 848417 prime?
True
Is 2008621 a composite number?
False
Is 7382357 prime?
True
Is 580183 a composite number?
False
Is 735017 a prime number?
False
Is 4415497 a prime number?
True
Is 2431558 composite?
True
Is 70435859 prime?
False
Is 20140303 prime?
True
Is 2355547 a composite number?
True
Is 960463 composite?
True
Is 18882353 a prime number?
False
Is 86074267 prime?
False
Is 8312527 composite?
False
Is 15572171 a composite number?
False
Is 8631167 prime?
True
Is 654367651 a composite number?
True
Is 32989771 a composite number?
True
Is 1765307 a composite number?
True
Is 1821233 composite?
False
Is 1999163 prime?
True
Is 11110487 prime?
True
Is 15332231 prime?
True
Is 45838699 a composite number?
False
Is 2156593 prime?
False
Is 7780811 prime?
True
Is 359379802 composite?
True
Is 3071851 prime?
False
Is 20015839 a prime number?
True
Is 12546643 composite?
False
Is 555835901 a prime number?
False
Is 42922603 composite?
True
Is 298703 a composite number?
True
Is 1887073 a composite number?
True
Is 1707803 composite?
True
Is 21997681 prime?
True
Is 1082959 prime?
False
Is 35938223 prime?
True
Is 24747031 a composite number?
True
Is 2468429 a prime number?
False
Is 628223 a prime number?
False
Is 2329874 a composite number?
True
Is 6395287 composite?
True
Is 53246345 a prime number?
False
Is 47464231 prime?
True
Is 1402969 a composite number?
True
Is 24378707 prime?
False
Is 5157517 prime?
True
Is 164148029 prime?
False
Is 13576501 a prime number?
True
Is 14156531 composite?
True
Is 4235591 composite?
False
Is 21507847 prime?
True
Is 3223903 prime?
True
Is 2202853 a composite number?
False
Is 118584691 composite?
True
Is 89869907 composite?
False
Is 2073233 composite?
False
Is 24458371 prime?
False
Is 140870227 a prime number?
False
Is 13409965 prime?
False
Is 50682043 prime?
True
Is 2581307 prime?
False
Is 13564939 composite?
True
Is 862337 a prime number?
False
Is 25086647 a prime number?
False
Is 133833463 a prime number?
False
Is 2568497 composite?
False
Is 53281159 prime?
False
Is 18232037 prime?
False
Is 1073599 composite?
False
Is 6025471 prime?
False
Is 73205491 a prime number?
True
Is 95191961 a prime number?
False
Is 476150929 a prime number?
False
Is 18039639 a composite number?
True
Is 3165769 a prime number?
True
Is 159886787 composite?
False
Is 620111 a prime number?
True
Is 13280437 a composite number?
False
Is 1352629 composite?
True
Is 25929923 a composite number?
True
Is 15110819 composite?
True
Is 2764469 prime?
True
Is 3958429 prime?
False
Is 70999177 a composite number?
False
Is 41691461 a composite number?
True
Is 578895137 composite?
False
Is 1072091 a composite number?
True
Is 15523154 prime?
False
Is 121316929 prime?
False
Is 37323859 prime?
True
Is 1711181 composite?
False
Is 2104799 a prime number?
False
Is 347302127 prime?
True
Is 90714209 a prime number?
False
Is 55331323 prime?
False
Is 42306143 composite?
True
Is 124571029 composite?
True
Is 2201018 a prime number?
False
Is 4243949 composite?
False
Is 3907459 a composite number?
True
Is 57121291 composite?
False
Is 51414281 composite?
False
Is 87884891 composite?
False
Is 1010047 composite?
True
Is 94051177 a composite number?
True
Is 114086237 composite?
False
Is 2376343 prime?
False
Is 593727 a composite number?
True
Is 9405391 prime?
True
Is 822495437 composite?
False
Is 9812711 composite?
False
Is 5881191 a composite number?
True
Is 5238367 composite?
False
Is 47965655 prime?
False
Is 370377113 a composite number?
True
Is 35325141 composite?
True
Is 1629971 a composite number?
True
Is 44704523 a prime number?
True
Is 62796719 a prime number?
True
Is 14821633 composite?
False
Is 9028181 a prime number?
True
Is 54490903 composite?
False
Is 48093919 composite?
True
Is 451599 prime?
False
Is 4877773 prime?
True
Is 31855255 prime?
False
Is 3363047 a composite number?
True
Is 2254729 prime?
True
Is 15475469 a composite number?
False
Is 411308123 composite?
True
Is 24603433 prime?
True
Is 10417067 prime?
True
Is 3020663 a composite number?
True
Is 8938207 a composite number?
False
Is 6405011 prime?
True
Is 234659813 composite?
False
Is 55736389 a prime number?
True
Is 32665259 prime?
False
Is 117050183 a prime number?
False
Is 25087769 a